he prime factors of y?
2, 3
Let y = -5 + 7. Suppose 0*f = -5*g - 2*f - 120, -78 = 4*g - y*f. Let h = -15 - g. What are the prime factors of h?
7
Let v be (-126)/(-30) - 1/5. Suppose -5*g + 50 = 2*d - 7, 3*d + v*g - 96 = 0. List the prime factors of d.
2, 3
Suppose 20 = 2*x - 7*x, -g - 4*x + 257 = 0. List the prime factors of g.
3, 7, 13
Let x(d) = 4*d**2 - d - 1. Let w be x(-1). Suppose 4*y - 6 - 2 = 0. Suppose -w*z = -o + 19, y*o + 5*z = o + 1. List the prime factors of o.
11
Suppose -y + 6*r - 17 = 2*r, 4*y = -4*r + 12. List the prime factors of (y + 2 - 4) + 23.
2, 5
Let a = -6 - -5. Let f be -1 - ((1 - a) + -5). List the prime factors of 10 + 5/(5/f).
2, 3
Let q(a) = a**2 + 14*a + 6. Let f be q(-11). What are the prime factors of 6/f - 274/(-18)?
3, 5
Suppose 5*d = 4 + 326. What are the prime factors of d?
2, 3, 11
Suppose -q - 2*p = -93, 2*q = 4*p + 127 + 75. List the prime factors of q.
97
Let i be 3*1 + 0/1. Let f be 2/(-2) - (i + -2). List the prime factors of ((-2)/(f/7))/1.
7
Let l(j) = 7*j + 35. List the prime factors of l(8).
7, 13
Suppose -4*g + 32 = 4*j, -3*g - 7 = -4*j - 3. List the prime factors of g.
2
Suppose -4*q + 3*q + 39 = 0. What are the prime factors of q?
3, 13
Let c(n) = 2*n**2 + n + 9. Let f be c(4). Suppose -f = -4*q + 167. List the prime factors of q.
53
Let g = 37 + -17. What are the prime factors of g?
2, 5
Let m(x) = -x**3 + 12*x**2 - 8*x - 27. What are the prime factors of m(11)?
2, 3
Let f(i) be the third derivative of i**4/8 + i**3/3 + i**2. What are the prime factors of f(2)?
2
List the prime factors of (-90)/20*(-40)/6.
2, 3, 5
Suppose 3*a - 3 = -2*i, 3*i + a - 5 = -4*a. Let w = i - 0. Suppose p + 4 = 2*m + m, w = 5*m - 3*p. List the prime factors of m.
3
Let p(b) be the second derivative of 1/12*b**4 + 0 - 4/3*b**3 - b + 9/2*b**2. What are the prime factors of p(8)?
3
Let p(r) = r**3 + 3*r**2 - 3*r + 7. Let l be p(-4). Suppose -l*h + 4*h = 27. List the prime factors of h.
3
Let x(i) = 9*i - 1. Suppose 0 = -h - 18 + 22. What are the prime factors of x(h)?
5, 7
Suppose 1132 = 5*v + 172. What are the prime factors of v?
2, 3
Suppose -2*y = 6 + 6. Let p = y - -10. Suppose 4*q - 2*q = p. What are the prime factors of q?
2
Suppose 0 = -t + 4*v - 22, 5*t + v - 15 = -4*v. Let p(j) = -4*j - 3. Let f be p(t). What are the prime factors of f - ((-6)/3)/(-1)?
3
Suppose 3*i - 5*v = i + 24, 3*i + 5*v = 86. What are the prime factors of i?
2, 11
Suppose 5*f - 8*w = -3*w + 115, -f + 25 = -3*w. What are the prime factors of f?
2, 11
Suppose -4*k + 4 = -4. Suppose 4*c + 2*t + 2 = k*c, 2*c + 5*t = -17. Let i = 16 - c. List the prime factors of i.
2, 3
Suppose 3 = -4*b + 39. Suppose -5*m + 4*t + 15 = 0, -3*m + 3*t + b = -t. Suppose n - 3*y - 20 + m = 0, 0 = 4*n - 5*y - 33. List the prime factors of n.
2
Suppose -664 = -4*o - 96. What are the prime factors of o?
2, 71
Suppose -2610 = -12*w - 3*w. List the prime factors of w.
2, 3, 29
Let b(i) = -i**3 + i**2 + i - 1. Let h(f) = 8*f**2 + 8*f - 5. Let z(g) = 5*b(g) - h(g). List the prime factors of z(-2).
2, 17
Suppose -4 - 8 = -2*q. Let a(v) = -4*v - 3. Let p be a(-6). Suppose p - q = 3*i. What are the prime factors of i?
5
Let j = 76 - 19. List the prime factors of j.
3, 19
Suppose -28*p = -34*p + 1020. List the prime factors of p.
2, 5, 17
Suppose 5*d = r + 239, 215 = 5*d + r + 4*r. Suppose 5*u - d = -12. Let n = u - 0. List the prime factors of n.
7
Suppose -m + 0 + 18 = 0. Suppose 13*d = m*d - 65. List the prime factors of d.
13
Let x(f) = -f**2 + f - 1. Let d be x(0). What are the prime factors of d - -2 - (-5 + -1)?
7
Suppose 0 = 4*u - 6*u + 68. What are the prime factors of u?
2, 17
Let s(k) = 5*k - 12. What are the prime factors of s(8)?
2, 7
Let i(t) = -6*t**3 + 2*t**2 - 1. Suppose 2*l + 3*s - 16 = 0, 5 - 3 = -l + s. Let v be (4/6)/(l/(-3)). List the prime factors of i(v).
7
Let z be (-5 + 3)/(-2) + 72. Suppose 3*k - 2*k = -5*j + 196, 2*j - 5*k - z = 0. What are the prime factors of j?
3, 13
Suppose 0 = -5*x + 4*x - 4, -2*s + 2*x + 8 = 0. Suppose 3*u = -s*u + 3. Let t = u + 5. What are the prime factors of t?
2, 3
Let m(o) = 70*o**3 + o**2 + o - 1. What are the prime factors of m(1)?
71
Let z(h) be the first derivative of -h**5/60 - 3*h**4/8 - 3*h**3/2 - h**2 - 2. Let s(p) be the second derivative of z(p). List the prime factors of s(-7).
5
Suppose 5*w = 10*g - 9*g - 243, 3*g - 669 = 3*w. List the prime factors of g.
2, 109
Suppose -5*y - 3*z + 53 = -5*z, -y - 3*z = -14. Let t = -12 + 12. Suppose t = g - 0 - y. List the prime factors of g.
11
Suppose 5*n + 3 = 4*n. Let w(g) = g**3 + 5*g**2 + 3*g + 3. What are the prime factors of w(n)?
2, 3
Suppose 0 = 5*q - 3*x - 30, 0 = 2*q + x - 4*x - 21. Let i = q + -1. Suppose -5*m = -i*k + 30, 0 = -k - 5*m - 12 - 3. What are the prime factors of k?
5
Let i(j) = j**2 - 2*j - 2. Let q be -2*3/(-12)*-6. What are the prime factors of i(q)?
13
Let h(n) = -13*n**2 - n - 1. Let f be h(-2). List the prime factors of (-1)/(3/(f/1)).
17
Let l(z) = -31*z - 2. What are the prime factors of l(-3)?
7, 13
Suppose p - 11 - 23 = 0. Suppose 8 = 2*b - p. Suppose 5*m - 2*a = 19, -2*m + 5*m = -2*a + b. What are the prime factors of m?
5
Let t(k) = k**3 + 10*k**2 - 3*k - 1. What are the prime factors of t(-10)?
29
Let l = -22 - -69. What are the prime factors of l?
47
Let q(p) = -10*p + 31. What are the prime factors of q(-6)?
7, 13
Let w be (0 - (0 + -3))*1. Suppose 230 = -w*r - 325. What are the prime factors of 2/(-4) + r/(-10)?
2, 3
Let s = 60 + -30. What are the prime factors of s?
2, 3, 5
Suppose 3*h - 20 - 85 = 5*m, -m = h - 35. What are the prime factors of h?
5, 7
Suppose 0 = i + 4*g - 3*g - 2, i + 3*g = 0. Suppose -i*l + 12 = -3. What are the prime factors of l?
5
List the prime factors of ((1 - -1) + 15/(-5))*-167.
167
Suppose -3*i = i + 4. List the prime factors of (i + (-2 - -14))/1.
11
Suppose -q = 3*q + 28. Let s be -1 - (-1 - -1) - -14. Let v = q + s. What are the prime factors of v?
2, 3
Suppose 5*d - 2*s = 5, -7 - 15 = -3*d + 5*s. What are the prime factors of (d/2)/(1/(-14))?
7
Suppose -5*c - 21 = 4. Let g be 2 + 1 - c*1. Suppose -z - g = -3*u + 7, 2*u + 3*z = -1. What are the prime factors of u?
2
Let s(c) = 9*c - 5. List the prime factors of s(6).
7
Let l(s) = s + 22. What are the prime factors of l(-12)?
2, 5
Let u be (-1 + 0 + 2)*-12. Let f = 7 + u. What are the prime factors of (0 - f)/(1 - 0)?
5
Suppose 0*a - a - 2*l + 214 = 0, 0 = -4*a + 3*l + 812. List the prime factors of a.
2, 103
Suppose 0 = 4*k - 6*k + 8. Suppose -5*p = -k*p - 31. What are the prime factors of p?
31
Suppose 28 = -3*f + 4*f. List the prime factors of (1/2)/(7/f).
2
Let u(d) = d - 3. Let x be u(6). Suppose -3*k + 5*s = -29, -5*k - 2*s + x = s. What are the prime factors of k?
3
Suppose 3*c = 18*c - 3540. What are the prime factors of c?
2, 59
Let s be (7 - (1 + 3)) + 3. Let l be 110/8 - 2/(-8). Let x = l - s. What are the prime factors of x?
2
Let a = -1 + 4. Suppose -7 = a*g - 4*g. List the prime factors of g.
7
Let a = 582 + -386. List the prime factors of a.
2, 7
Let w(m) = -m + 8. Let s be w(6). Let d(g) = -7*g - 12. Let b be d(-3). Let n = b - s. List the prime factors of n.
7
Let g(n) = n**2 + 4*n + 6. Let m(q) = q**2 + q + 1. Let l(p) = -g(p) + 4*m(p). List the prime factors of l(-3).
5
Suppose -i + 104 = 2*o - 5*i, 0 = -2*i - 8. What are the prime factors of o?
2, 11
Suppose -2*q - 6*q = -1672. List the prime factors of q.
11, 19
Let z = 38 + -33. List the prime factors of z.
5
Suppose 3*c - 4*g = 58, -4*c + c = 3*g - 51. Let a be c*((-1)/3)/(-1). List the prime factors of (22/3)/(4/a).
11
Suppose 0 = -0*t + 2*t + 2*m, -3*t + 14 = -4*m. Suppose 0*l - 2*u + 7 = l, -4*l - t*u = -34. Let x = 26 - l. List the prime factors of x.
17
Let s be (0 - 0) + 1 + 2. Suppose -12 = t - s*t. List the prime factors of t*2/4 - 1.
2
Let v(g) = -12*g**3 + g. Let r be v(-1). Let j = 1 + 1. List the prime factors of r/(-2 + (j - -1)).
11
Let o(n) = n**3 - 5*n**2 - 6*n + 3. Let y be o(6). Suppose 5*q = 20 - 5. Suppose 5*u - y - 10 = -3*p, -q*u - 5*p = -11. What are the prime factors of u?
2
Let s(h) = -h**2. Let a be s(-4). Let l = a + 22. Suppose -4*d + d + l = 0. What are the prime factors of d?
2
List the prime factors of (0 - -2 - -24) + -3.
23
Let z(u) = -49*u +